{"id":2941,"date":"2024-05-14T15:24:23","date_gmt":"2024-05-14T15:24:23","guid":{"rendered":"https:\/\/valeriabellantuono.it\/?post_type=product&#038;p=2941"},"modified":"2024-06-12T08:28:25","modified_gmt":"2024-06-12T08:28:25","slug":"cascata-dellalferello","status":"publish","type":"product","link":"https:\/\/valeriabellantuono.it\/index.php\/prodotto\/cascata-dellalferello\/","title":{"rendered":"Alla scoperta della Cascata dell&#8217;Alferello"},"content":{"rendered":"<h3>Alla scoperta della meravigliosa Cascata dell&#8217;Alferello<\/h3>\n<div class=\"cxmmr5t8 oygrvhab hcukyx3x c1et5uql o9v6fnle\">Percorrendo antiche mulattiere, scopriremo incantevoli borghi e bellezze naturali, luoghi suggestivi che rendono Alfero uno dei territori pi\u00f9 apprezzati dell\u2019Appennino Cesenate.<br \/>\nImpossibile non rimanere affascinati dalle imponenti pareti marmoso \u2013 arenacee e dalla <strong>Cascata dell\u2019Alferello <\/strong>(<a href=\"https:\/\/valeriabellantuono.it\/index.php\/tag-prodotto\/emilia-romagna\" target=\"_blank\" rel=\"noopener\">provincia Forl\u00ec-Cesena<\/a>): un monumento della natura che vi stupir\u00e0 con la sua acqua cristallina. Un trekking tra bosco e acqua, tra citt\u00e0 e natura, all\u2019insegna del relax.<\/div>\n<h3>Itinerario del nostro percorso<\/h3>\n<p>Cammineremo alla scoperta del suggestivo Sasso Spaccato, un enorme masso di arenaria rotolato lungo il torrente Alferello migliaia di anni fa. Lungo il sentiero ci imbatteremo nel Ponte Romano e da qui saliremo per un\u2019antica mulattiera che ci condurr\u00e0 fino al piccolo borgo di Riofreddo. Non mancheranno scorci panoramici sull\u2019intera vallata del Para e dell\u2019Alferello: una vera perla nell\u2019Appennino Cesenate. Immersi in un fresco bosco giungeremo alla <strong>Cascata dell\u2019Alferello<\/strong>: un salto d\u2019acqua di ben 32 metri, che ci far\u00e0 rimanere senza fiato. Ci rilasseremo ai suoi piedi e, per chi vorr\u00e0, ci sar\u00e0 occasione di fare un bel bagno rigenerante in una delle pozze naturali.<\/p>\n<p>Una giornata di totale relax in un ambiente assolutamente incontaminato!<\/p>\n","protected":false},"excerpt":{"rendered":"<p>Alla scoperta della Cascata dell&#8217;Alferello, una delle cascate pi\u00f9 belle di tutta la Romagna! Un vero monumento della natura che vi stupir\u00e0 per la sua bellezza.<\/p>\n","protected":false},"featured_media":2977,"template":"","meta":{"_acf_changed":false},"product_brand":[],"product_cat":[38],"product_tag":[71,162,117,139,101,70],"class_list":{"0":"post-2941","1":"product","2":"type-product","3":"status-publish","4":"has-post-thumbnail","6":"product_cat-escursioni-giornaliere-passate","7":"product_tag-cascata","8":"product_tag-emilia-romagna","9":"product_tag-escursioni","10":"product_tag-forli-cesena","11":"product_tag-relax","12":"product_tag-trekking","14":"first","15":"instock","16":"shipping-taxable","17":"purchasable","18":"product-type-variable"},"acf":[],"yoast_head":"<!-- This site is optimized with the Yoast SEO plugin v27.3 - https:\/\/yoast.com\/product\/yoast-seo-wordpress\/ -->\n<title>Alla scoperta della Cascata dell&#039;Alferello - Valeria Bellantuono Experience<\/title>\n<meta name=\"description\" content=\"Alla scoperta della Cascata dell&#039;Alferello, una delle pi\u00f9 belle di tutta la Romagna! Un vero monumento della natura che vi stupir\u00e0 per la sua bellezza.\" \/>\n<meta name=\"robots\" content=\"index, follow, max-snippet:-1, max-image-preview:large, max-video-preview:-1\" \/>\n<link rel=\"canonical\" href=\"https:\/\/valeriabellantuono.it\/index.php\/prodotto\/cascata-dellalferello\/\" \/>\n<meta property=\"og:locale\" content=\"it_IT\" \/>\n<meta property=\"og:type\" content=\"article\" \/>\n<meta property=\"og:title\" content=\"Alla scoperta della Cascata dell&#039;Alferello - Valeria Bellantuono Experience\" \/>\n<meta property=\"og:description\" content=\"Alla scoperta della Cascata dell&#039;Alferello, una delle pi\u00f9 belle di tutta la Romagna! Un vero monumento della natura che vi stupir\u00e0 per la sua bellezza.\" \/>\n<meta property=\"og:url\" content=\"https:\/\/valeriabellantuono.it\/index.php\/prodotto\/cascata-dellalferello\/\" \/>\n<meta property=\"og:site_name\" content=\"Valeria Bellantuono Experience\" \/>\n<meta property=\"article:publisher\" content=\"https:\/\/www.facebook.com\/vale.bellantuono\" \/>\n<meta property=\"article:modified_time\" content=\"2024-06-12T08:28:25+00:00\" \/>\n<meta property=\"og:image\" content=\"https:\/\/valeriabellantuono.it\/wp-content\/uploads\/2024\/05\/1716551064331-e1716551145533.jpg\" \/>\n\t<meta property=\"og:image:width\" content=\"1200\" \/>\n\t<meta property=\"og:image:height\" content=\"1200\" \/>\n\t<meta property=\"og:image:type\" content=\"image\/jpeg\" \/>\n<meta name=\"twitter:card\" content=\"summary_large_image\" \/>\n<meta name=\"twitter:label1\" content=\"Tempo di lettura stimato\" \/>\n\t<meta name=\"twitter:data1\" content=\"2 minuti\" \/>\n<script type=\"application\/ld+json\" class=\"yoast-schema-graph\">{\"@context\":\"https:\\\/\\\/schema.org\",\"@graph\":[{\"@type\":\"WebPage\",\"@id\":\"https:\\\/\\\/valeriabellantuono.it\\\/index.php\\\/prodotto\\\/cascata-dellalferello\\\/\",\"url\":\"https:\\\/\\\/valeriabellantuono.it\\\/index.php\\\/prodotto\\\/cascata-dellalferello\\\/\",\"name\":\"Alla scoperta della Cascata dell'Alferello - Valeria Bellantuono Experience\",\"isPartOf\":{\"@id\":\"https:\\\/\\\/valeriabellantuono.it\\\/#website\"},\"primaryImageOfPage\":{\"@id\":\"https:\\\/\\\/valeriabellantuono.it\\\/index.php\\\/prodotto\\\/cascata-dellalferello\\\/#primaryimage\"},\"image\":{\"@id\":\"https:\\\/\\\/valeriabellantuono.it\\\/index.php\\\/prodotto\\\/cascata-dellalferello\\\/#primaryimage\"},\"thumbnailUrl\":\"https:\\\/\\\/valeriabellantuono.it\\\/wp-content\\\/uploads\\\/2024\\\/05\\\/1716551064331-e1716551145533.jpg\",\"datePublished\":\"2024-05-14T15:24:23+00:00\",\"dateModified\":\"2024-06-12T08:28:25+00:00\",\"description\":\"Alla scoperta della Cascata dell'Alferello, una delle pi\u00f9 belle di tutta la Romagna! Un vero monumento della natura che vi stupir\u00e0 per la sua bellezza.\",\"breadcrumb\":{\"@id\":\"https:\\\/\\\/valeriabellantuono.it\\\/index.php\\\/prodotto\\\/cascata-dellalferello\\\/#breadcrumb\"},\"inLanguage\":\"it-IT\",\"potentialAction\":[{\"@type\":\"ReadAction\",\"target\":[\"https:\\\/\\\/valeriabellantuono.it\\\/index.php\\\/prodotto\\\/cascata-dellalferello\\\/\"]}]},{\"@type\":\"ImageObject\",\"inLanguage\":\"it-IT\",\"@id\":\"https:\\\/\\\/valeriabellantuono.it\\\/index.php\\\/prodotto\\\/cascata-dellalferello\\\/#primaryimage\",\"url\":\"https:\\\/\\\/valeriabellantuono.it\\\/wp-content\\\/uploads\\\/2024\\\/05\\\/1716551064331-e1716551145533.jpg\",\"contentUrl\":\"https:\\\/\\\/valeriabellantuono.it\\\/wp-content\\\/uploads\\\/2024\\\/05\\\/1716551064331-e1716551145533.jpg\",\"width\":1200,\"height\":1200,\"caption\":\"ALFERELLO\"},{\"@type\":\"BreadcrumbList\",\"@id\":\"https:\\\/\\\/valeriabellantuono.it\\\/index.php\\\/prodotto\\\/cascata-dellalferello\\\/#breadcrumb\",\"itemListElement\":[{\"@type\":\"ListItem\",\"position\":1,\"name\":\"Home\",\"item\":\"https:\\\/\\\/valeriabellantuono.it\\\/\"},{\"@type\":\"ListItem\",\"position\":2,\"name\":\"Esperienze\",\"item\":\"https:\\\/\\\/valeriabellantuono.it\\\/index.php\\\/negozio\\\/\"},{\"@type\":\"ListItem\",\"position\":3,\"name\":\"Alla scoperta della Cascata dell&#8217;Alferello\"}]},{\"@type\":\"WebSite\",\"@id\":\"https:\\\/\\\/valeriabellantuono.it\\\/#website\",\"url\":\"https:\\\/\\\/valeriabellantuono.it\\\/\",\"name\":\"Valeria Bellantuono Experience\",\"description\":\"Escursioni, viaggi e benessere del corpo e della mente\",\"publisher\":{\"@id\":\"https:\\\/\\\/valeriabellantuono.it\\\/#organization\"},\"potentialAction\":[{\"@type\":\"SearchAction\",\"target\":{\"@type\":\"EntryPoint\",\"urlTemplate\":\"https:\\\/\\\/valeriabellantuono.it\\\/?s={search_term_string}\"},\"query-input\":{\"@type\":\"PropertyValueSpecification\",\"valueRequired\":true,\"valueName\":\"search_term_string\"}}],\"inLanguage\":\"it-IT\"},{\"@type\":\"Organization\",\"@id\":\"https:\\\/\\\/valeriabellantuono.it\\\/#organization\",\"name\":\"Valeria Bellantuono Experience\",\"url\":\"https:\\\/\\\/valeriabellantuono.it\\\/\",\"logo\":{\"@type\":\"ImageObject\",\"inLanguage\":\"it-IT\",\"@id\":\"https:\\\/\\\/valeriabellantuono.it\\\/#\\\/schema\\\/logo\\\/image\\\/\",\"url\":\"https:\\\/\\\/valeriabellantuono.it\\\/wp-content\\\/uploads\\\/2023\\\/08\\\/logo-compatto.png\",\"contentUrl\":\"https:\\\/\\\/valeriabellantuono.it\\\/wp-content\\\/uploads\\\/2023\\\/08\\\/logo-compatto.png\",\"width\":881,\"height\":342,\"caption\":\"Valeria Bellantuono Experience\"},\"image\":{\"@id\":\"https:\\\/\\\/valeriabellantuono.it\\\/#\\\/schema\\\/logo\\\/image\\\/\"},\"sameAs\":[\"https:\\\/\\\/www.facebook.com\\\/vale.bellantuono\",\"https:\\\/\\\/www.instagram.com\\\/valeria.bellantuono\\\/\"]}]}<\/script>\n<!-- \/ Yoast SEO plugin. -->","yoast_head_json":{"title":"Alla scoperta della Cascata dell'Alferello - Valeria Bellantuono Experience","description":"Alla scoperta della Cascata dell'Alferello, una delle pi\u00f9 belle di tutta la Romagna! Un vero monumento della natura che vi stupir\u00e0 per la sua bellezza.","robots":{"index":"index","follow":"follow","max-snippet":"max-snippet:-1","max-image-preview":"max-image-preview:large","max-video-preview":"max-video-preview:-1"},"canonical":"https:\/\/valeriabellantuono.it\/index.php\/prodotto\/cascata-dellalferello\/","og_locale":"it_IT","og_type":"article","og_title":"Alla scoperta della Cascata dell'Alferello - Valeria Bellantuono Experience","og_description":"Alla scoperta della Cascata dell'Alferello, una delle pi\u00f9 belle di tutta la Romagna! Un vero monumento della natura che vi stupir\u00e0 per la sua bellezza.","og_url":"https:\/\/valeriabellantuono.it\/index.php\/prodotto\/cascata-dellalferello\/","og_site_name":"Valeria Bellantuono Experience","article_publisher":"https:\/\/www.facebook.com\/vale.bellantuono","article_modified_time":"2024-06-12T08:28:25+00:00","og_image":[{"width":1200,"height":1200,"url":"https:\/\/valeriabellantuono.it\/wp-content\/uploads\/2024\/05\/1716551064331-e1716551145533.jpg","type":"image\/jpeg"}],"twitter_card":"summary_large_image","twitter_misc":{"Tempo di lettura stimato":"2 minuti"},"schema":{"@context":"https:\/\/schema.org","@graph":[{"@type":"WebPage","@id":"https:\/\/valeriabellantuono.it\/index.php\/prodotto\/cascata-dellalferello\/","url":"https:\/\/valeriabellantuono.it\/index.php\/prodotto\/cascata-dellalferello\/","name":"Alla scoperta della Cascata dell'Alferello - Valeria Bellantuono Experience","isPartOf":{"@id":"https:\/\/valeriabellantuono.it\/#website"},"primaryImageOfPage":{"@id":"https:\/\/valeriabellantuono.it\/index.php\/prodotto\/cascata-dellalferello\/#primaryimage"},"image":{"@id":"https:\/\/valeriabellantuono.it\/index.php\/prodotto\/cascata-dellalferello\/#primaryimage"},"thumbnailUrl":"https:\/\/valeriabellantuono.it\/wp-content\/uploads\/2024\/05\/1716551064331-e1716551145533.jpg","datePublished":"2024-05-14T15:24:23+00:00","dateModified":"2024-06-12T08:28:25+00:00","description":"Alla scoperta della Cascata dell'Alferello, una delle pi\u00f9 belle di tutta la Romagna! Un vero monumento della natura che vi stupir\u00e0 per la sua bellezza.","breadcrumb":{"@id":"https:\/\/valeriabellantuono.it\/index.php\/prodotto\/cascata-dellalferello\/#breadcrumb"},"inLanguage":"it-IT","potentialAction":[{"@type":"ReadAction","target":["https:\/\/valeriabellantuono.it\/index.php\/prodotto\/cascata-dellalferello\/"]}]},{"@type":"ImageObject","inLanguage":"it-IT","@id":"https:\/\/valeriabellantuono.it\/index.php\/prodotto\/cascata-dellalferello\/#primaryimage","url":"https:\/\/valeriabellantuono.it\/wp-content\/uploads\/2024\/05\/1716551064331-e1716551145533.jpg","contentUrl":"https:\/\/valeriabellantuono.it\/wp-content\/uploads\/2024\/05\/1716551064331-e1716551145533.jpg","width":1200,"height":1200,"caption":"ALFERELLO"},{"@type":"BreadcrumbList","@id":"https:\/\/valeriabellantuono.it\/index.php\/prodotto\/cascata-dellalferello\/#breadcrumb","itemListElement":[{"@type":"ListItem","position":1,"name":"Home","item":"https:\/\/valeriabellantuono.it\/"},{"@type":"ListItem","position":2,"name":"Esperienze","item":"https:\/\/valeriabellantuono.it\/index.php\/negozio\/"},{"@type":"ListItem","position":3,"name":"Alla scoperta della Cascata dell&#8217;Alferello"}]},{"@type":"WebSite","@id":"https:\/\/valeriabellantuono.it\/#website","url":"https:\/\/valeriabellantuono.it\/","name":"Valeria Bellantuono Experience","description":"Escursioni, viaggi e benessere del corpo e della mente","publisher":{"@id":"https:\/\/valeriabellantuono.it\/#organization"},"potentialAction":[{"@type":"SearchAction","target":{"@type":"EntryPoint","urlTemplate":"https:\/\/valeriabellantuono.it\/?s={search_term_string}"},"query-input":{"@type":"PropertyValueSpecification","valueRequired":true,"valueName":"search_term_string"}}],"inLanguage":"it-IT"},{"@type":"Organization","@id":"https:\/\/valeriabellantuono.it\/#organization","name":"Valeria Bellantuono Experience","url":"https:\/\/valeriabellantuono.it\/","logo":{"@type":"ImageObject","inLanguage":"it-IT","@id":"https:\/\/valeriabellantuono.it\/#\/schema\/logo\/image\/","url":"https:\/\/valeriabellantuono.it\/wp-content\/uploads\/2023\/08\/logo-compatto.png","contentUrl":"https:\/\/valeriabellantuono.it\/wp-content\/uploads\/2023\/08\/logo-compatto.png","width":881,"height":342,"caption":"Valeria Bellantuono Experience"},"image":{"@id":"https:\/\/valeriabellantuono.it\/#\/schema\/logo\/image\/"},"sameAs":["https:\/\/www.facebook.com\/vale.bellantuono","https:\/\/www.instagram.com\/valeria.bellantuono\/"]}]}},"publishpress_future_action":{"enabled":false,"date":"2026-04-25 03:12:59","action":"category-add","newStatus":"draft","terms":[24],"taxonomy":"product_cat","extraData":[]},"publishpress_future_workflow_manual_trigger":{"enabledWorkflows":[]},"_links":{"self":[{"href":"https:\/\/valeriabellantuono.it\/index.php\/wp-json\/wp\/v2\/product\/2941","targetHints":{"allow":["GET"]}}],"collection":[{"href":"https:\/\/valeriabellantuono.it\/index.php\/wp-json\/wp\/v2\/product"}],"about":[{"href":"https:\/\/valeriabellantuono.it\/index.php\/wp-json\/wp\/v2\/types\/product"}],"wp:featuredmedia":[{"embeddable":true,"href":"https:\/\/valeriabellantuono.it\/index.php\/wp-json\/wp\/v2\/media\/2977"}],"wp:attachment":[{"href":"https:\/\/valeriabellantuono.it\/index.php\/wp-json\/wp\/v2\/media?parent=2941"}],"wp:term":[{"taxonomy":"product_brand","embeddable":true,"href":"https:\/\/valeriabellantuono.it\/index.php\/wp-json\/wp\/v2\/product_brand?post=2941"},{"taxonomy":"product_cat","embeddable":true,"href":"https:\/\/valeriabellantuono.it\/index.php\/wp-json\/wp\/v2\/product_cat?post=2941"},{"taxonomy":"product_tag","embeddable":true,"href":"https:\/\/valeriabellantuono.it\/index.php\/wp-json\/wp\/v2\/product_tag?post=2941"}],"curies":[{"name":"wp","href":"https:\/\/api.w.org\/{rel}","templated":true}]}}