{"id":631,"date":"2023-09-16T06:34:47","date_gmt":"2023-09-16T06:34:47","guid":{"rendered":"https:\/\/valeriabellantuono.it\/?page_id=631"},"modified":"2023-10-17T21:49:52","modified_gmt":"2023-10-17T21:49:52","slug":"regolamento-delle-escursioni","status":"publish","type":"page","link":"https:\/\/valeriabellantuono.it\/index.php\/regolamento-delle-escursioni\/","title":{"rendered":"Regolamento delle escursioni"},"content":{"rendered":"\t\t<div data-elementor-type=\"wp-page\" data-elementor-id=\"631\" class=\"elementor elementor-631\" data-elementor-post-type=\"page\">\n\t\t\t\t\t\t<section class=\"elementor-section elementor-top-section elementor-element elementor-element-5677adc elementor-section-boxed elementor-section-height-default elementor-section-height-default\" data-id=\"5677adc\" data-element_type=\"section\" data-e-type=\"section\">\n\t\t\t\t\t\t<div class=\"elementor-container elementor-column-gap-default\">\n\t\t\t\t\t<div class=\"elementor-column elementor-col-100 elementor-top-column elementor-element elementor-element-57d697e\" data-id=\"57d697e\" data-element_type=\"column\" data-e-type=\"column\">\n\t\t\t<div class=\"elementor-widget-wrap elementor-element-populated\">\n\t\t\t\t\t\t<div class=\"elementor-element elementor-element-64cb954 elementor-widget elementor-widget-text-editor\" data-id=\"64cb954\" data-element_type=\"widget\" data-e-type=\"widget\" data-widget_type=\"text-editor.default\">\n\t\t\t\t<div class=\"elementor-widget-container\">\n\t\t\t\t\t\t\t\t\t<h3>1. Modalit\u00e0 di iscrizione<\/h3><p>Per iscriversi agli eventi, \u00e8 necessario completare il processo di acquisto di ciascuno seguendo alcuni passaggi:<\/p><ul><li>scelta dell&#8217;evento e selezione delle caratteristiche dell&#8217;attivit\u00e0<\/li><li>aggiunta dell&#8217;evento al carrello<\/li><li>pagamento secondo le modalit\u00e0 previste online<\/li><\/ul><p>L\u2019iscrizione si considera confermata solo dopo l&#8217;avvenuta ricezione del pagamento sul conto dell&#8217;Associazione. In caso di pagamento tramite bonifico bancario suggeriamo di inviare contabile o giustificante dell&#8217;operazione per confermare l&#8217;iscrizione in tempi brevi.<\/p><p>In alternativa, la prenotazione pu\u00f2 avvenire tramite e-mail all\u2019indirizzo <a href=\"mailto:info@valeriabellantuono.it\">info@valeriabellantuono.it<\/a> o tramite <a href=\"https:\/\/wa.me\/393204251939\" target=\"_blank\" rel=\"noopener\">whatsapp al numero +39 320 425 1939<\/a> specificando nome, cognome, indirizzo, codice fiscale e numero di telefono di ogni partecipante.<\/p><p>Tali dati, cos\u00ec come quelli richiesti dal sito al momento dell&#8217;iscrizione al primo evento, vengono richiesti ai fini della fatturazione e il loro trattamento \u00e8 conforme a quanto sancito dal GDPR 2016\/679\/UE. Per leggere la nostra Privacy Policy <a href=\"https:\/\/valeriabellantuono.it\/index.php\/privacy-policy\/\" target=\"_blank\" rel=\"noopener\">clicca qui<\/a>.<\/p><h3>2. Obblighi dei partecipanti<\/h3><p>I partecipanti sono tenuti a:<\/p><ul><li><strong>rispettare l\u2019orario di partenza e il programma stabilito<\/strong>, adeguandosi alle eventuali variazioni apportate dalla guida. Si consiglia di avvisare in caso di ritardo. In ogni caso non si potr\u00e0 attendere per pi\u00f9 di 15 minuti.<\/li><li><strong>presentarsi con un abbigliamento e un\u2019attrezzatura adeguati<\/strong> all\u2019escursione, come specificato sotto la voce \u201cAttrezzatura richiesta\u201d. In modo particolare le scarpe devono essere da trekking, con suola scolpita e preferibilmente a collo alto. In caso di dubbi, confrontarsi con la guida prima dell\u2019escursione. La guida si riserva la possibilit\u00e0 di rifiutare la partecipazione di coloro ai quali, il giorno dell\u2019escursione, verr\u00e0 riscontrato un abbigliamento o un\u2019attrezzatura non idonea all\u2019attivit\u00e0 organizzata;<\/li><li><strong>uniformarsi con tempestivit\u00e0 alle disposizioni della guida<\/strong> in materia di sicurezza, tutela ambientale e ritmo della camminata. La velocit\u00e0 dell\u2019andatura, il numero di soste e i modi e tempi in cui esse si svolgono sono decisi dalla guida nell\u2019interesse di rendere le escursioni sicure e praticabili da tutti i presenti. Non \u00e8 consentito procedere ad un\u2019andatura superiore a quella della guida e avventurarsi indipendentemente dal gruppo lungo il percorso pena il decadimento di ogni responsabilit\u00e0 della guida nei confronti di chi non accettasse tale disposizione;<\/li><li><strong>collaborare con la guida per la buona riuscita dell\u2019iniziativa<\/strong>, oltre a essere solidali con le sue decisioni, soprattutto nel caso in cui dovessero insorgere delle difficolt\u00e0 (condizioni ambientali e\/o dei partecipanti) e informarla di ogni problematica che dovesse emergere durante lo svolgimento delle attivit\u00e0 programmate, in particolare riguardo alle proprie condizioni psicofisiche e dell\u2019attrezzatura;<\/li><li><strong>conservare i propri rifiuti<\/strong> fino agli appositi cassonetti.<\/li><li><strong>ogni partecipante \u00e8 personalmente responsabile di eventuali comportamenti rischiosi per s\u00e9 e per gli altri<\/strong>, in particolare nel caso in cui dovesse prendere iniziative personali nonostante il parere contrario della guida. L\u2019abbandono volontario del gruppo da parte del partecipante o il diniego di essere riaccompagnato al punto di partenza dell\u2019escursione, solleva la guida da ogni responsabilit\u00e0 per eventuali incidenti o infortuni che dovessero accadere, dovuti a qualsivoglia motivo, anche a smarrimento del sentiero;<\/li><li><strong>con la partecipazione alle nostre escursioni si sottoscrive il presente regolamento<\/strong> e ci si impegna a rispettarlo in ogni sua parte.<\/li><\/ul><h3>3. Dichiarazione di idoneit\u00e0<\/h3><p>Accettando il presente regolamento, il Partecipante dichiara sotto la propria responsabilit\u00e0 di essere in buona salute e in una condizione psico-fisica idonea alla pratica dell\u2019escursione. Dichiara inoltre di aver fornito alla guida ogni eventuale informazione utile alla corretta valutazione della propria idoneit\u00e0.<\/p><h3>4. Quota di iscrizione<\/h3><p>La quota di iscrizione comprende il solo servizio di accompagnamento e relativa organizzazione e coordinamento delle attivit\u00e0 da svolgere.<\/p><h3>5. Attrezzatura richiesta<\/h3><p><strong>Abbigliamento \u201ca strati\u201d<\/strong>, pantaloni lunghi da escursione, scarponi da trekking in buone condizioni alti fino alla caviglia (sono concesse anche scarpe basse da <em>trail running<\/em> purch\u00e8 si abbia gi\u00e0 confidenza con quel tipo di calzatura), giacca impermeabile, zaino e coprizaino, scorta personale di acqua di almeno 1.5 litri e torcia. Sconsigliato l\u2019uso di indumenti di cotone a contatto con il corpo: se possibile indossare capi di lana o capi tecnici da escursionismo.<\/p><p><strong>Consigliato l\u2019uso dei bastoncini da trekking.<\/strong> In caso di escursioni estive cappellino, occhiali da sole e crema solare assolutamente indispensabili.<\/p><p>Gli escursionisti non adeguatamente equipaggiati potrebbero, a giudizio insindacabile della guida, essere esclusi dall\u2019escursione direttamente sul luogo della partenza.<\/p><h3>6. Orario e punto di ritrovo<\/h3><p>L\u2019orario e punto di ritrovo vengono forniti nella descrizione dell\u2019evento o tramite whatsapp.<\/p><p>Dal punto di ritrovo fino al luogo di inizio del trekking cercheremo di adoperare il minor numero di auto possibili per ridurre sia l\u2019impatto ambientale che i costi. \u00c8 quindi buona regola dividere i costi del trasporto tra i passeggeri (costi non compresi nella quota di partecipazione all\u2019escursione).\u00a0<\/p><h3>7. Cani\u00a0<\/h3><p>Il Partecipante che voglia partecipare accompagnato dal proprio cane ha l\u2019<strong>OBBLIGO<\/strong>, in fase di prenotazione, di <strong>comunicare alla guida la presenza dell\u2019animale al seguito<\/strong>, per valutare l\u2019idoneit\u00e0 e le modalit\u00e0 di partecipazione. Sar\u00e0 a discrezione della guida confermare o meno l\u2019idoneit\u00e0 alla partecipazione del singolo cane o di pi\u00f9 cani contemporaneamente, anche in base a taglia, sesso, carattere, e tipologia dell\u2019escursione.<\/p><p>L\u2019accompagnatore del cane deve essere in grado di <strong>gestire il proprio animale in completa autonomia<\/strong> e attenersi alle indicazioni della guida; il cane deve essere governato al guinzaglio e non va lasciato libero.<\/p><p>Il cane <strong>deve essere tenuto sotto controllo dal suo padrone<\/strong>, non rappresentare pericolo per s\u00e9 o per altri, inclusa la fauna selvatica, e non deve disturbare gli altri escursionisti.<\/p><p>La <strong>responsabilit\u00e0<\/strong> relativa alla conduzione del cane ed eventuali problematiche ad essa connesse, \u00e8 esclusiva del Partecipante.<\/p><p>La mancata comunicazione della partecipazione del cane o la mancata ottemperanza alle disposizioni atte a controllarlo, possono prevedere l\u2019esclusione del Partecipante dall\u2019escursione, anche al momento della partenza.<\/p><h3>8. Foto\/Video<\/h3><p><strong>Nel corso dell\u2019escursione verranno effettuati scatti fotografici e\/o riprese video che saranno utilizzati dall\u2019organizzazione per finalit\u00e0 promozionali riguardanti l\u2019attivit\u00e0 stessa.<\/strong> La partecipazione all\u2019escursione sottintende il nullaosta alla pubblicazione del suddetto materiale. Qualora il partecipante intenda non essere ripreso deve comunicarlo tassativamente alla guida prima della partenza.<\/p><h3>9. Telefoni cellulari<\/h3><p>I partecipanti sono invitati a mantenere i propri telefoni cellulari in <strong>modalit\u00e0 silenziosa<\/strong> per non disturbare il resto del gruppo. In caso di necessit\u00e0, l\u2019interessato \u00e8 pregato di allontanarsi previa comunicazione e autorizzazione della guida, rimanendo comunque in vista della stessa.<\/p><h3>10. Registrazione tracce GPS<\/h3><p>Durante le escursioni \u00e8 consentito l\u2019<strong>utilizzo di strumentazione GPS a scopo di orientamento<\/strong> ma partecipando l\u2019accompagnato si impegna a non divulgare le eventuali tracce registrate.<\/p><h3>11. Livelli di difficolt\u00e0<\/h3><p>La Legenda di ASD Vale Experience:<\/p>\t\t\t\t\t\t\t\t<\/div>\n\t\t\t\t<\/div>\n\t\t\t\t<div class=\"elementor-element elementor-element-37d95d6 elementor-view-default elementor-position-block-start elementor-mobile-position-block-start elementor-widget elementor-widget-icon-box\" data-id=\"37d95d6\" data-element_type=\"widget\" data-e-type=\"widget\" data-widget_type=\"icon-box.default\">\n\t\t\t\t<div class=\"elementor-widget-container\">\n\t\t\t\t\t\t\t<div class=\"elementor-icon-box-wrapper\">\n\n\t\t\t\t\t\t<div class=\"elementor-icon-box-icon\">\n\t\t\t\t<span  class=\"elementor-icon\">\n\t\t\t\t<i aria-hidden=\"true\" class=\"fas fa-shoe-prints\"><\/i>\t\t\t\t<\/span>\n\t\t\t<\/div>\n\t\t\t\n\t\t\t\t\t\t<div class=\"elementor-icon-box-content\">\n\n\t\t\t\t\t\t\t\t\t<h4 class=\"elementor-icon-box-title\">\n\t\t\t\t\t\t<span  >\n\t\t\t\t\t\t\tDifficolt\u00e0 T | Livello facile\t\t\t\t\t\t<\/span>\n\t\t\t\t\t<\/h4>\n\t\t\t\t\n\t\t\t\t\t\t\t\t\t<p class=\"elementor-icon-box-description\">\n\t\t\t\t\t\t<strong>Sentiero Turistico.<\/strong> Itinerario di ambito locale su carrarecce, mulattiere o evidenti sentieri. Si sviluppa nelle immediate vicinanze di paesi, localit\u00e0 turistica, vie di comunicazione e riveste particolare interesse per passeggiate facili di tipo culturale o turistico-ricreativo; pu\u00f2 trattarsi spesso di sentiero storico o tematico (naturalistico, geologico, storico, religioso, ecc.).\t\t\t\t\t<\/p>\n\t\t\t\t\n\t\t\t<\/div>\n\t\t\t\n\t\t<\/div>\n\t\t\t\t\t\t<\/div>\n\t\t\t\t<\/div>\n\t\t\t\t<div class=\"elementor-element elementor-element-9910152 elementor-view-default elementor-position-block-start elementor-mobile-position-block-start elementor-widget elementor-widget-icon-box\" data-id=\"9910152\" data-element_type=\"widget\" data-e-type=\"widget\" data-widget_type=\"icon-box.default\">\n\t\t\t\t<div class=\"elementor-widget-container\">\n\t\t\t\t\t\t\t<div class=\"elementor-icon-box-wrapper\">\n\n\t\t\t\t\t\t<div class=\"elementor-icon-box-icon\">\n\t\t\t\t<span  class=\"elementor-icon\">\n\t\t\t\t<i aria-hidden=\"true\" class=\"fas fa-shoe-prints\"><\/i>\t\t\t\t<\/span>\n\t\t\t<\/div>\n\t\t\t\n\t\t\t\t\t\t<div class=\"elementor-icon-box-content\">\n\n\t\t\t\t\t\t\t\t\t<h4 class=\"elementor-icon-box-title\">\n\t\t\t\t\t\t<span  >\n\t\t\t\t\t\t\tDifficolt\u00e0 E | Livello medio\t\t\t\t\t\t<\/span>\n\t\t\t\t\t<\/h4>\n\t\t\t\t\n\t\t\t\t\t\t\t\t\t<p class=\"elementor-icon-box-description\">\n\t\t\t\t\t\t<strong>Sentiero Escursionistico.<\/strong> Sentiero privo di difficolt\u00e0 tecniche che corrisponde in gran parte a mulattiere realizzate per scopi agro-silvo-pastorali, militari o a sentieri di accesso a rifugi o di collegamento fra valli. Richiede una buona resistenza fisica ed un allenamento di base in funzione della lunghezza e del dislivello del percorso.\t\t\t\t\t<\/p>\n\t\t\t\t\n\t\t\t<\/div>\n\t\t\t\n\t\t<\/div>\n\t\t\t\t\t\t<\/div>\n\t\t\t\t<\/div>\n\t\t\t\t<div class=\"elementor-element elementor-element-39327bf elementor-view-default elementor-position-block-start elementor-mobile-position-block-start elementor-widget elementor-widget-icon-box\" data-id=\"39327bf\" data-element_type=\"widget\" data-e-type=\"widget\" data-widget_type=\"icon-box.default\">\n\t\t\t\t<div class=\"elementor-widget-container\">\n\t\t\t\t\t\t\t<div class=\"elementor-icon-box-wrapper\">\n\n\t\t\t\t\t\t<div class=\"elementor-icon-box-icon\">\n\t\t\t\t<span  class=\"elementor-icon\">\n\t\t\t\t<i aria-hidden=\"true\" class=\"fas fa-shoe-prints\"><\/i>\t\t\t\t<\/span>\n\t\t\t<\/div>\n\t\t\t\n\t\t\t\t\t\t<div class=\"elementor-icon-box-content\">\n\n\t\t\t\t\t\t\t\t\t<h4 class=\"elementor-icon-box-title\">\n\t\t\t\t\t\t<span  >\n\t\t\t\t\t\t\tDifficolt\u00e0 EE | Livello difficile\t\t\t\t\t\t<\/span>\n\t\t\t\t\t<\/h4>\n\t\t\t\t\n\t\t\t\t\t\t\t\t\t<p class=\"elementor-icon-box-description\">\n\t\t\t\t\t\t<strong>Sentiero Alpinistico.<\/strong> Sentiero che si sviluppa in zone impervie con passaggi che richiedono all\u2019escursionista una buona conoscenza della montagna, tecnica di base ed un equipaggiamento adeguato. Corrisponde generalmente ad un itinerario di traversata nella montagna medio-alta e pu\u00f2 presentare dei tratti attrezzati \u2013 sentiero attrezzato \u2013 con infissi (funi, corrimano e brevi scale) che per\u00f2 non snaturano la continuit\u00e0 del percorso.\t\t\t\t\t<\/p>\n\t\t\t\t\n\t\t\t<\/div>\n\t\t\t\n\t\t<\/div>\n\t\t\t\t\t\t<\/div>\n\t\t\t\t<\/div>\n\t\t\t\t<div class=\"elementor-element elementor-element-276739c elementor-widget elementor-widget-text-editor\" data-id=\"276739c\" data-element_type=\"widget\" data-e-type=\"widget\" data-widget_type=\"text-editor.default\">\n\t\t\t\t<div class=\"elementor-widget-container\">\n\t\t\t\t\t\t\t\t\t<p>Nelle descrizioni degli eventi troverete il logo con il colore che indica gi\u00e0 il livello di difficolt\u00e0 dell\u2019escursione!<\/p><h3>12.\u00a0Accettazione del Regolamento<\/h3><p>Con la partecipazione alle nostre escursioni si sottoscrive il presente regolamento e ci si impegna a rispettarlo in ogni sua parte.<\/p><p>Accettando il presente regolamento, il partecipante dichiara sotto la propria responsabilit\u00e0 di essere in buona salute e in una condizione psico-fisica idonea alla pratica dell\u2019escursione. Dichiara inoltre di aver fornito alla guida ogni eventuale informazione utile alla corretta valutazione della propria idoneit\u00e0.<\/p><p>La quota di iscrizione comprende il solo servizio di accompagnamento e relativa organizzazione e coordinamento delle attivit\u00e0 da svolgere.<\/p>\t\t\t\t\t\t\t\t<\/div>\n\t\t\t\t<\/div>\n\t\t\t\t\t<\/div>\n\t\t<\/div>\n\t\t\t\t\t<\/div>\n\t\t<\/section>\n\t\t\t\t<\/div>\n\t\t","protected":false},"excerpt":{"rendered":"<p>1. Modalit\u00e0 di iscrizione Per iscriversi agli eventi, \u00e8 necessario completare il processo di acquisto di ciascuno seguendo alcuni passaggi: scelta dell&#8217;evento e selezione delle caratteristiche dell&#8217;attivit\u00e0 aggiunta dell&#8217;evento al carrello pagamento secondo le modalit\u00e0 previste online L\u2019iscrizione si considera confermata solo dopo l&#8217;avvenuta ricezione del pagamento sul conto dell&#8217;Associazione. In caso di pagamento tramite [&hellip;]<\/p>\n","protected":false},"author":1,"featured_media":0,"parent":0,"menu_order":0,"comment_status":"closed","ping_status":"closed","template":"","meta":{"_acf_changed":false,"footnotes":""},"class_list":["post-631","page","type-page","status-publish","hentry"],"acf":[],"yoast_head":"<!-- This site is optimized with the Yoast SEO plugin v27.3 - https:\/\/yoast.com\/product\/yoast-seo-wordpress\/ -->\n<title>Regolamento delle escursioni - Valeria Bellantuono Experience<\/title>\n<meta name=\"robots\" content=\"index, follow, max-snippet:-1, max-image-preview:large, max-video-preview:-1\" \/>\n<link rel=\"canonical\" href=\"https:\/\/valeriabellantuono.it\/index.php\/regolamento-delle-escursioni\/\" \/>\n<meta property=\"og:locale\" content=\"it_IT\" \/>\n<meta property=\"og:type\" content=\"article\" \/>\n<meta property=\"og:title\" content=\"Regolamento delle escursioni - Valeria Bellantuono Experience\" \/>\n<meta property=\"og:description\" content=\"1. Modalit\u00e0 di iscrizione Per iscriversi agli eventi, \u00e8 necessario completare il processo di acquisto di ciascuno seguendo alcuni passaggi: scelta dell&#8217;evento e selezione delle caratteristiche dell&#8217;attivit\u00e0 aggiunta dell&#8217;evento al carrello pagamento secondo le modalit\u00e0 previste online L\u2019iscrizione si considera confermata solo dopo l&#8217;avvenuta ricezione del pagamento sul conto dell&#8217;Associazione. In caso di pagamento tramite [&hellip;]\" \/>\n<meta property=\"og:url\" content=\"https:\/\/valeriabellantuono.it\/index.php\/regolamento-delle-escursioni\/\" \/>\n<meta property=\"og:site_name\" content=\"Valeria Bellantuono Experience\" \/>\n<meta property=\"article:publisher\" content=\"https:\/\/www.facebook.com\/vale.bellantuono\" \/>\n<meta property=\"article:modified_time\" content=\"2023-10-17T21:49:52+00:00\" \/>\n<meta name=\"twitter:card\" content=\"summary_large_image\" \/>\n<meta name=\"twitter:label1\" content=\"Tempo di lettura stimato\" \/>\n\t<meta name=\"twitter:data1\" content=\"8 minuti\" \/>\n<script type=\"application\/ld+json\" class=\"yoast-schema-graph\">{\"@context\":\"https:\\\/\\\/schema.org\",\"@graph\":[{\"@type\":\"WebPage\",\"@id\":\"https:\\\/\\\/valeriabellantuono.it\\\/index.php\\\/regolamento-delle-escursioni\\\/\",\"url\":\"https:\\\/\\\/valeriabellantuono.it\\\/index.php\\\/regolamento-delle-escursioni\\\/\",\"name\":\"Regolamento delle escursioni - Valeria Bellantuono Experience\",\"isPartOf\":{\"@id\":\"https:\\\/\\\/valeriabellantuono.it\\\/#website\"},\"datePublished\":\"2023-09-16T06:34:47+00:00\",\"dateModified\":\"2023-10-17T21:49:52+00:00\",\"breadcrumb\":{\"@id\":\"https:\\\/\\\/valeriabellantuono.it\\\/index.php\\\/regolamento-delle-escursioni\\\/#breadcrumb\"},\"inLanguage\":\"it-IT\",\"potentialAction\":[{\"@type\":\"ReadAction\",\"target\":[\"https:\\\/\\\/valeriabellantuono.it\\\/index.php\\\/regolamento-delle-escursioni\\\/\"]}]},{\"@type\":\"BreadcrumbList\",\"@id\":\"https:\\\/\\\/valeriabellantuono.it\\\/index.php\\\/regolamento-delle-escursioni\\\/#breadcrumb\",\"itemListElement\":[{\"@type\":\"ListItem\",\"position\":1,\"name\":\"Home\",\"item\":\"https:\\\/\\\/valeriabellantuono.it\\\/\"},{\"@type\":\"ListItem\",\"position\":2,\"name\":\"Regolamento delle escursioni\"}]},{\"@type\":\"WebSite\",\"@id\":\"https:\\\/\\\/valeriabellantuono.it\\\/#website\",\"url\":\"https:\\\/\\\/valeriabellantuono.it\\\/\",\"name\":\"Valeria Bellantuono Experience\",\"description\":\"Escursioni, viaggi e benessere del corpo e della mente\",\"publisher\":{\"@id\":\"https:\\\/\\\/valeriabellantuono.it\\\/#organization\"},\"potentialAction\":[{\"@type\":\"SearchAction\",\"target\":{\"@type\":\"EntryPoint\",\"urlTemplate\":\"https:\\\/\\\/valeriabellantuono.it\\\/?s={search_term_string}\"},\"query-input\":{\"@type\":\"PropertyValueSpecification\",\"valueRequired\":true,\"valueName\":\"search_term_string\"}}],\"inLanguage\":\"it-IT\"},{\"@type\":\"Organization\",\"@id\":\"https:\\\/\\\/valeriabellantuono.it\\\/#organization\",\"name\":\"Valeria Bellantuono Experience\",\"url\":\"https:\\\/\\\/valeriabellantuono.it\\\/\",\"logo\":{\"@type\":\"ImageObject\",\"inLanguage\":\"it-IT\",\"@id\":\"https:\\\/\\\/valeriabellantuono.it\\\/#\\\/schema\\\/logo\\\/image\\\/\",\"url\":\"https:\\\/\\\/valeriabellantuono.it\\\/wp-content\\\/uploads\\\/2023\\\/08\\\/logo-compatto.png\",\"contentUrl\":\"https:\\\/\\\/valeriabellantuono.it\\\/wp-content\\\/uploads\\\/2023\\\/08\\\/logo-compatto.png\",\"width\":881,\"height\":342,\"caption\":\"Valeria Bellantuono Experience\"},\"image\":{\"@id\":\"https:\\\/\\\/valeriabellantuono.it\\\/#\\\/schema\\\/logo\\\/image\\\/\"},\"sameAs\":[\"https:\\\/\\\/www.facebook.com\\\/vale.bellantuono\",\"https:\\\/\\\/www.instagram.com\\\/valeria.bellantuono\\\/\"]}]}<\/script>\n<!-- \/ Yoast SEO plugin. -->","yoast_head_json":{"title":"Regolamento delle escursioni - Valeria Bellantuono Experience","robots":{"index":"index","follow":"follow","max-snippet":"max-snippet:-1","max-image-preview":"max-image-preview:large","max-video-preview":"max-video-preview:-1"},"canonical":"https:\/\/valeriabellantuono.it\/index.php\/regolamento-delle-escursioni\/","og_locale":"it_IT","og_type":"article","og_title":"Regolamento delle escursioni - Valeria Bellantuono Experience","og_description":"1. Modalit\u00e0 di iscrizione Per iscriversi agli eventi, \u00e8 necessario completare il processo di acquisto di ciascuno seguendo alcuni passaggi: scelta dell&#8217;evento e selezione delle caratteristiche dell&#8217;attivit\u00e0 aggiunta dell&#8217;evento al carrello pagamento secondo le modalit\u00e0 previste online L\u2019iscrizione si considera confermata solo dopo l&#8217;avvenuta ricezione del pagamento sul conto dell&#8217;Associazione. In caso di pagamento tramite [&hellip;]","og_url":"https:\/\/valeriabellantuono.it\/index.php\/regolamento-delle-escursioni\/","og_site_name":"Valeria Bellantuono Experience","article_publisher":"https:\/\/www.facebook.com\/vale.bellantuono","article_modified_time":"2023-10-17T21:49:52+00:00","twitter_card":"summary_large_image","twitter_misc":{"Tempo di lettura stimato":"8 minuti"},"schema":{"@context":"https:\/\/schema.org","@graph":[{"@type":"WebPage","@id":"https:\/\/valeriabellantuono.it\/index.php\/regolamento-delle-escursioni\/","url":"https:\/\/valeriabellantuono.it\/index.php\/regolamento-delle-escursioni\/","name":"Regolamento delle escursioni - Valeria Bellantuono Experience","isPartOf":{"@id":"https:\/\/valeriabellantuono.it\/#website"},"datePublished":"2023-09-16T06:34:47+00:00","dateModified":"2023-10-17T21:49:52+00:00","breadcrumb":{"@id":"https:\/\/valeriabellantuono.it\/index.php\/regolamento-delle-escursioni\/#breadcrumb"},"inLanguage":"it-IT","potentialAction":[{"@type":"ReadAction","target":["https:\/\/valeriabellantuono.it\/index.php\/regolamento-delle-escursioni\/"]}]},{"@type":"BreadcrumbList","@id":"https:\/\/valeriabellantuono.it\/index.php\/regolamento-delle-escursioni\/#breadcrumb","itemListElement":[{"@type":"ListItem","position":1,"name":"Home","item":"https:\/\/valeriabellantuono.it\/"},{"@type":"ListItem","position":2,"name":"Regolamento delle escursioni"}]},{"@type":"WebSite","@id":"https:\/\/valeriabellantuono.it\/#website","url":"https:\/\/valeriabellantuono.it\/","name":"Valeria Bellantuono Experience","description":"Escursioni, viaggi e benessere del corpo e della mente","publisher":{"@id":"https:\/\/valeriabellantuono.it\/#organization"},"potentialAction":[{"@type":"SearchAction","target":{"@type":"EntryPoint","urlTemplate":"https:\/\/valeriabellantuono.it\/?s={search_term_string}"},"query-input":{"@type":"PropertyValueSpecification","valueRequired":true,"valueName":"search_term_string"}}],"inLanguage":"it-IT"},{"@type":"Organization","@id":"https:\/\/valeriabellantuono.it\/#organization","name":"Valeria Bellantuono Experience","url":"https:\/\/valeriabellantuono.it\/","logo":{"@type":"ImageObject","inLanguage":"it-IT","@id":"https:\/\/valeriabellantuono.it\/#\/schema\/logo\/image\/","url":"https:\/\/valeriabellantuono.it\/wp-content\/uploads\/2023\/08\/logo-compatto.png","contentUrl":"https:\/\/valeriabellantuono.it\/wp-content\/uploads\/2023\/08\/logo-compatto.png","width":881,"height":342,"caption":"Valeria Bellantuono Experience"},"image":{"@id":"https:\/\/valeriabellantuono.it\/#\/schema\/logo\/image\/"},"sameAs":["https:\/\/www.facebook.com\/vale.bellantuono","https:\/\/www.instagram.com\/valeria.bellantuono\/"]}]}},"publishpress_future_workflow_manual_trigger":{"enabledWorkflows":[]},"_links":{"self":[{"href":"https:\/\/valeriabellantuono.it\/index.php\/wp-json\/wp\/v2\/pages\/631","targetHints":{"allow":["GET"]}}],"collection":[{"href":"https:\/\/valeriabellantuono.it\/index.php\/wp-json\/wp\/v2\/pages"}],"about":[{"href":"https:\/\/valeriabellantuono.it\/index.php\/wp-json\/wp\/v2\/types\/page"}],"author":[{"embeddable":true,"href":"https:\/\/valeriabellantuono.it\/index.php\/wp-json\/wp\/v2\/users\/1"}],"replies":[{"embeddable":true,"href":"https:\/\/valeriabellantuono.it\/index.php\/wp-json\/wp\/v2\/comments?post=631"}],"version-history":[{"count":34,"href":"https:\/\/valeriabellantuono.it\/index.php\/wp-json\/wp\/v2\/pages\/631\/revisions"}],"predecessor-version":[{"id":1577,"href":"https:\/\/valeriabellantuono.it\/index.php\/wp-json\/wp\/v2\/pages\/631\/revisions\/1577"}],"wp:attachment":[{"href":"https:\/\/valeriabellantuono.it\/index.php\/wp-json\/wp\/v2\/media?parent=631"}],"curies":[{"name":"wp","href":"https:\/\/api.w.org\/{rel}","templated":true}]}}